{"id":32746,"date":"2025-09-09T10:59:07","date_gmt":"2025-09-09T13:59:07","guid":{"rendered":"https:\/\/italcam.com.br\/event\/la-corporate-governance-oggi-sfide-opportunita-e-responsabilita-legale-della-gestione\/"},"modified":"2025-09-09T10:59:07","modified_gmt":"2025-09-09T13:59:07","slug":"la-corporate-governance-oggi-sfide-opportunita-e-responsabilita-legale-della-gestione","status":"publish","type":"tribe_events","link":"https:\/\/italcam.com.br\/it\/event\/la-corporate-governance-oggi-sfide-opportunita-e-responsabilita-legale-della-gestione\/","title":{"rendered":"La corporate governance oggi: sfide, opportunit\u00e0 e responsabilit\u00e0 legale della gestione"},"content":{"rendered":"<p><img fetchpriority=\"high\" decoding=\"async\" class=\"alignnone size-large wp-image-32738\" src=\"https:\/\/italcam.com.br\/wp-content\/uploads\/2025\/09\/Evento-Governanca-02-815x1024.png\" alt=\"\" width=\"815\" height=\"1024\" srcset=\"https:\/\/italcam.com.br\/wp-content\/uploads\/2025\/09\/Evento-Governanca-02-815x1024.png 815w, https:\/\/italcam.com.br\/wp-content\/uploads\/2025\/09\/Evento-Governanca-02-239x300.png 239w, https:\/\/italcam.com.br\/wp-content\/uploads\/2025\/09\/Evento-Governanca-02-768x964.png 768w, https:\/\/italcam.com.br\/wp-content\/uploads\/2025\/09\/Evento-Governanca-02-518x650.png 518w, https:\/\/italcam.com.br\/wp-content\/uploads\/2025\/09\/Evento-Governanca-02.png 1075w\" sizes=\"(max-width: 815px) 100vw, 815px\" \/> <img decoding=\"async\" class=\"alignnone size-large wp-image-32740\" src=\"https:\/\/italcam.com.br\/wp-content\/uploads\/2025\/09\/Evento-Governanca-03-815x1024.png\" alt=\"\" width=\"815\" height=\"1024\" srcset=\"https:\/\/italcam.com.br\/wp-content\/uploads\/2025\/09\/Evento-Governanca-03-815x1024.png 815w, https:\/\/italcam.com.br\/wp-content\/uploads\/2025\/09\/Evento-Governanca-03-239x300.png 239w, https:\/\/italcam.com.br\/wp-content\/uploads\/2025\/09\/Evento-Governanca-03-768x964.png 768w, https:\/\/italcam.com.br\/wp-content\/uploads\/2025\/09\/Evento-Governanca-03-518x650.png 518w, https:\/\/italcam.com.br\/wp-content\/uploads\/2025\/09\/Evento-Governanca-03.png 1075w\" sizes=\"(max-width: 815px) 100vw, 815px\" \/><\/p>\n<p>Il 13 ottobre 2025, dalle 9.00 alle 12.00, presso il PIT &#8211; Parco di Innovazione Tecnologica di S\u00e3o Jos\u00e9 dos Campos, la Camera di Commercio Italiana di San Paolo &#8211; ITALCAM, attraverso il suo Comitato Legale (CoJur), organizza un incontro per imprenditori, manager, professionisti del settore legale, della compliance, della tecnologia e della finanza.<\/p>\n<p>\ud83d\udc49 L&#8217;evento riunir\u00e0 esperti di spicco per dibattere le questioni chiave dello scenario attuale:<\/p>\n<p>&#8211; Gestione aziendale: rischi, opportunit\u00e0 e sfide pratiche;<\/p>\n<p>&#8211; Trasformazione digitale e conformit\u00e0: impatti diretti sulla governance;<\/p>\n<p>&#8211; Responsabilit\u00e0 civile, societaria e lavorativa di manager e soci ;<\/p>\n<p>&#8211; Pianificazione fiscale intelligente in tempi di riforme.<\/p>\n<p>Sar\u00e0 una mattinata all&#8217;insegna della conoscenza applicata, dello scambio di esperienze e del networking qualificato, con la partecipazione di avvocati, professori, dirigenti e specialisti in innovazione e corporate governance.<\/p>\n<p>\ud83d\udccd Sede: PIT &#8211; Parco di Innovazione Tecnologica di S\u00e3o Jos\u00e9 dos Campos (Strada Dr Altino Bondesan, 500 &#8211; Eug\u00eanio de Melo, Auditorium 3).<\/p>\n<p>\ud83d\udd17 Registrazione gratuita: https:\/\/crmitalcam.ac-page.com\/governanca-empresarial<\/p>\n<p>Assicurati subito il tuo posto e partecipa a questo dibattito fondamentale sul presente e sul futuro della corporate governance!<\/p>\n","protected":false},"excerpt":{"rendered":"<p>Il 13 ottobre 2025, dalle 9.00 alle 12.00, presso il PIT &#8211; Parco di Innovazione Tecnologica di S\u00e3o Jos\u00e9 dos Campos, la [&hellip;]<\/p>\n","protected":false},"author":764,"featured_media":32737,"template":"","meta":{"_tribe_events_status":"","_tribe_events_status_reason":"","footnotes":""},"tags":[47,46],"tribe_events_cat":[83],"class_list":["post-32746","tribe_events","type-tribe_events","status-publish","has-post-thumbnail","hentry","tag-cojur-it","tag-eventi","tribe_events_cat-evento-faccia-a-faccia","cat_evento-faccia-a-faccia"],"_links":{"self":[{"href":"https:\/\/italcam.com.br\/it\/wp-json\/wp\/v2\/tribe_events\/32746","targetHints":{"allow":["GET"]}}],"collection":[{"href":"https:\/\/italcam.com.br\/it\/wp-json\/wp\/v2\/tribe_events"}],"about":[{"href":"https:\/\/italcam.com.br\/it\/wp-json\/wp\/v2\/types\/tribe_events"}],"author":[{"embeddable":true,"href":"https:\/\/italcam.com.br\/it\/wp-json\/wp\/v2\/users\/764"}],"version-history":[{"count":0,"href":"https:\/\/italcam.com.br\/it\/wp-json\/wp\/v2\/tribe_events\/32746\/revisions"}],"wp:featuredmedia":[{"embeddable":true,"href":"https:\/\/italcam.com.br\/it\/wp-json\/wp\/v2\/media\/32737"}],"wp:attachment":[{"href":"https:\/\/italcam.com.br\/it\/wp-json\/wp\/v2\/media?parent=32746"}],"wp:term":[{"taxonomy":"post_tag","embeddable":true,"href":"https:\/\/italcam.com.br\/it\/wp-json\/wp\/v2\/tags?post=32746"},{"taxonomy":"tribe_events_cat","embeddable":true,"href":"https:\/\/italcam.com.br\/it\/wp-json\/wp\/v2\/tribe_events_cat?post=32746"}],"curies":[{"name":"wp","href":"https:\/\/api.w.org\/{rel}","templated":true}]}}

La corporate governance oggi: sfide, opportunità e responsabilità legale della gestione

<p><img fetchpriority="high" decoding="async" class="alignnone size-large wp-image-32738" src="https://italcam.com.br/wp-content/uploads/2025/09/Evento-Governanca-02-815x1024.png" alt="" width="815" height="1024" srcset="https://italcam.com.br/wp-content/uploads/2025/09/Evento-Governanca-02-815x1024.png 815w, https://italcam.com.br/wp-content/uploads/2025/09/Evento-Governanca-02-239x300.png 239w, https://italcam.com.br/wp-content/uploads/2025/09/Evento-Governanca-02-768x964.png 768w, https://italcam.com.br/wp-content/uploads/2025/09/Evento-Governanca-02-518x650.png 518w, https://italcam.com.br/wp-content/uploads/2025/09/Evento-Governanca-02.png 1075w" sizes="(max-width: 815px) 100vw, 815px" /> <img decoding="async" class="alignnone size-large wp-image-32740" src="https://italcam.com.br/wp-content/uploads/2025/09/Evento-Governanca-03-815x1024.png" alt="" width="815" height="1024" srcset="https://italcam.com.br/wp-content/uploads/2025/09/Evento-Governanca-03-815x1024.png 815w, https://italcam.com.br/wp-content/uploads/2025/09/Evento-Governanca-03-239x300.png 239w, https://italcam.com.br/wp-content/uploads/2025/09/Evento-Governanca-03-768x964.png 768w, https://italcam.com.br/wp-content/uploads/2025/09/Evento-Governanca-03-518x650.png 518w, https://italcam.com.br/wp-content/uploads/2025/09/Evento-Governanca-03.png 1075w" sizes="(max-width: 815px) 100vw, 815px" /></p>
<p>Il 13 ottobre 2025, dalle 9.00 alle 12.00, presso il PIT &#8211; Parco di Innovazione Tecnologica di São José dos Campos, la Camera di Commercio Italiana di San Paolo &#8211; ITALCAM, attraverso il suo Comitato Legale (CoJur), organizza un incontro per imprenditori, manager, professionisti del settore legale, della compliance, della tecnologia e della finanza.</p>
<p>👉 L&#8217;evento riunirà esperti di spicco per dibattere le questioni chiave dello scenario attuale:</p>
<p>&#8211; Gestione aziendale: rischi, opportunità e sfide pratiche;</p>
<p>&#8211; Trasformazione digitale e conformità: impatti diretti sulla governance;</p>
<p>&#8211; Responsabilità civile, societaria e lavorativa di manager e soci ;</p>
<p>&#8211; Pianificazione fiscale intelligente in tempi di riforme.</p>
<p>Sarà una mattinata all&#8217;insegna della conoscenza applicata, dello scambio di esperienze e del networking qualificato, con la partecipazione di avvocati, professori, dirigenti e specialisti in innovazione e corporate governance.</p>
<p>📍 Sede: PIT &#8211; Parco di Innovazione Tecnologica di São José dos Campos (Strada Dr Altino Bondesan, 500 &#8211; Eugênio de Melo, Auditorium 3).</p>
<p>🔗 Registrazione gratuita: https://crmitalcam.ac-page.com/governanca-empresarial</p>
<p>Assicurati subito il tuo posto e partecipa a questo dibattito fondamentale sul presente e sul futuro della corporate governance!</p>

<p>Il 13 ottobre 2025, dalle 9.00 alle 12.00, presso il PIT &#8211; Parco di Innovazione Tecnologica di São José dos Campos, la [&hellip;]</p>
